 - 2*u + 14. Let p(y) = 5*y - 10. Let v be p(3). Let d(q) = -1 + 4*q - 2*q - 4*q + q. Let f(s) = v*d(s) + m(s). Determine f(7).
9
Let m(j) = -3*j - 6. Let w(b) = 5*b + 22. Let a(d) = 4*m(d) + 5*w(d). Calculate a(-7).
-5
Let b(s) = -3*s - 9 + 16 + 2*s. Let c(n) = 2*n**3 - 3*n**2 + 2*n + 4. Let t(j) = -j**3 + 4*j**2 - 3*j - 5. Let a(p) = 4*c(p) + 3*t(p). Let i be a(1). Give b(i).
2
Let k be (315/7)/(-3 - -8). Let a(p) = -2*p**3 + 16*p**2 + 20*p - 12. What is a(k)?
6
Let s(y) = -8*y - 78. Let f(w) = -3*w - 42. Let r(x) = -5*f(x) + 3*s(x). What is r(-6)?
30
Let v(k) = 3*k + 2. Suppose 5*u = -3*y - 755, -5*y - u - 229 - 1000 = 0. Let q = y + 249. Give v(q).
14
Let s(c) = c - 7. Let v(f) be the first derivative of f**4/4 + f**3 - 31*f**2/2 - 7*f + 118. Let x be v(-7). Determine s(x).
7
Let d(l) = -2*l - 29 + 359*l**2 - 724*l**2 + 342*l**2 - l**3 - 1 - l. Give d(-23).
39
Let m(h) = 4*h**2 - 45 + 43003*h - 3 - 42991*h - 5*h**2. What is m(9)?
-21
Suppose -5 = 5*z + 5. Let j(g) = -g**3 + g**2 + 2*g + 2. Let f be j(0). Let t(l) = f*l - 8 - 1 + 12 - 5. Determine t(z).
-6
Let k(u) = 43 - 825*u - 2*u**2 - 4 + 414*u + 405*u. Calculate k(3).
3
Let t(h) = -10*h - 28. Suppose 3*x + 44*w - 40*w = -9, -3*w + 12 = -4*x. What is t(x)?
2
Let s(q) = -147*q + 578. Let g be s(4). Let o(v) = 9*v + 87. Determine o(g).
-3
Let x(b) = b**3 + 29*b**2 + 174*b - 42. Let h be x(-9). Let d(t) = -2*t + 45. Give d(h).
21
Suppose 5*u + 12 = -13. Let z(a) = 97*a - 50. Let q(h) = 54*h - 27. Let v(t) = -9*q(t) + 5*z(t). What is v(u)?
-2
Let h = -3493 - -3499. Let y(o) = o - 22. Determine y(h).
-16
Suppose 12*y + 24 = 14*y. Suppose 68*b + y = 70*b. Let w be (-1 + b/10)*(-3 + -12). Let k(h) = -h**3 + 5*h**2 + 4*h + 6. Calculate k(w).
-6
Suppose 16*q + 0*q = 3*q. Let k(p) = p**2 - 4*p + 154. What is k(q)?
154
Let k be ((-10)/(-225) - 4332/270) + 7. Let d(c) = -5 - 4*c + 3*c - 1. Calculate d(k).
3
Suppose -5*c = -0 + 15. Let p be 54*c/(-30)*(4 + 1). Suppose p = -9*t + 6*t. Let g(h) = -h**2 - 8*h + 1. Give g(t).
-8
Let b(u) be the third derivative of u**5/30 - 5*u**4/8 + 9*u**3/2 + 1768*u**2. What is b(3)?
0
Let d(l) = -63*l - 767. Let r be 807/(-1076)*((-48)/(-3) - 0). Calculate d(r).
-11
Let f be 0 - (-1 + 1 + -1). Suppose 4*l + 30*o = 28*o + 194, -2*l + 88 = 4*o. Let g(m) = -f + 23*m + 21*m - l*m. Give g(-2).
11
Let u(b) be the second derivative of b**3/6 - b**2 + 19*b. Let n = -9 - -9. Determine u(n).
-2
Let k = 603 - 1178. Let x = -586 - k. Let r(s) = -s - 7. Give r(x).
4
Suppose -60*j - 91 + 31 = 0. Let b(i) = i**2 - i. What is b(j)?
2
Let p = -1 + 2. Let m(t) = -6*t - 4 - 16*t + 4 - 34*t + 45*t. What is m(p)?
-11
Let i(m) = 1 - 102*m + 34*m + 70*m. Give i(-2).
-3
Let y(h) be the first derivative of h**3/3 - 7*h**2/2 + 3*h - 32. Let c be y(6). Let z be 3 + 1*(2 - (3 + c)). Let a(i) = i**3 - 6*i**2 + 6*i. Give a(z).
5
Suppose -891 = 143*s + 539. Let h(q) = q**3 + 9*q**2 - 8*q + 8. Calculate h(s).
-12
Let d(j) = 49*j + 2. Let b(m) = 11*m - 2. Let u(s) = 4*b(s) - d(s). Determine u(-11).
45
Let v(s) = -s**3 - 53*s**2 + 55*s + 59. Let q be v(-54). Let i(c) = c**2 - 7*c + 5. Calculate i(q).
-5
Let r(f) = -660*f**3 - 629*f**3 + 1290*f**3 - 7*f + 3 - 6*f**2. Let o(z) = -9*z - 2. Let x be o(-1). What is r(x)?
3
Let u(v) = -3*v**2 + 1. Suppose b = y, -4*b - 2*y = 2*y - 8. Let r(w) = 11*w**2 + 14*w + 17. Let d(z) = b*r(z) + 4*u(z). What is d(16)?
-11
Let d(h) = h**3 + 11*h**2 + 4*h - 9. Suppose -100*z - 253 = -77*z. Give d(z).
-53
Let y(d) = 0 - 2 - 7 + 687*d + 9 - 688*d. Let n(k) = k - 3. Let t be n(-3). Calculate y(t).
6
Suppose 4*j + 3*j = 35. Let c(b) = -b**3 - b**2 - 2*b + 1. Let o(v) = -4*v**3 - 3*v**2 - 11*v + 6. Let p(f) = j*c(f) - o(f). What is p(-2)?
-3
Suppose -4*x - 87 + 115 = -f, -35 = 3*f - 5*x. Let c(n) be the second derivative of -1/20*n**5 + 3*n**2 - 1/4*n**4 + f + 24*n + 1/2*n**3. Determine c(-4).
10
Let d(y) = 976*y + 13*y**2 - 975*y + 32*y**2 - 34*y**2. Determine d(1).
12
Let j be ((-2)/4)/((-2)/20). Let a(u) = -4*u - 2 - 8*u + 0*u - 12 + 14*u + 16. Calculate a(j).
12
Suppose 112*k = 108*k + 2*q - 56, -2*k - q - 24 = 0. Let i(b) = -4*b - 45. Give i(k).
7
Let r(s) = 153*s - 11184. Let j be r(73). Let o(t) be the second derivative of t**3/6 + 4*t**2 - 2*t. Calculate o(j).
-7
Let h(g) = -g**2 - 3*g - 1. Let t = -77 + 83. Suppose -5*x = -2*a - 7 - 3, 3*x = t. Suppose -6*k + 10*k + 12 = a. Give h(k).
-1
Suppose 21*v + 10*v - 868 = 0. Let c be 650/455*v/10. Let q(p) = p**3 - 4*p**2 - p - 2. Give q(c).
-6
Let z(b) be the first derivative of -5*b**3/3 - b + 20. Let t be (1/6*-4)/(6/9). Give z(t).
-6
Let q(i) = i**3 + 8*i**2 + 7*i + 4. Let d be q(-6). Suppose -p - d = 3*o - 55, 3*o + 6 = 2*p. Let n(t) = t**3 - 9*t**2 - t + 5. Give n(p).
-4
Let n(r) = r**2 + 10*r + 9. Let f(i) = -i**2 - 9*i - 10. Suppose -21*j = -26*j + 15. Let d(y) = j*f(y) + 2*n(y). Determine d(-6).
-6
Let s(i) = 2*i**2 - 3*i - 2. Let c = 150 + -148. Let g be (1 - 3)/(-1*c)*3. Give s(g).
7
Let m(r) = -5*r**2 - 2*r - 2. Let s(u) = 23*u + 112. Let w(x) = -117*x - 560. Let y(c) = 11*s(c) + 2*w(c). Let v be y(-6). Calculate m(v).
-18
Let t be 4/(-3)*(0 + -3). Let i(u) be the third derivative of u**4/24 + u**3/3 - 5*u**2 + 2447*u. Determine i(t).
6
Let x(b) = 14*b + 12. Let m(w) = -7*w**3 - 15*w**2 - 14*w - 27. Let h be m(-2). Determine x(h).
-30
Let n(c) = c**3 + 15*c**2 + 23*c - 36. Suppose -32*w = 27*w - 66 + 833. Determine n(w).
3
Let q(f) be the third derivative of -f**5/40 + 11*f**3/3 + 9*f**2 - 4*f. Let i(x) be the first derivative of q(x). Calculate i(2).
-6
Suppose 8*j - 793 = 21*j. Suppose -9*x + 5*x = 264. Let c = x - j. Let o(y) = y**3 + 5*y**2 - 6. Calculate o(c).
-6
Suppose 24*y + f = 29*y + 22, 0 = -4*y + 3*f - 11. Let v(p) = 2*p**2 + 5*p - 15. Determine v(y).
10
Let w(v) be the second derivative of 2 - 2/3*v**4 - 2*v - 15/2*v**2 + 1/6*v**3 + 1/20*v**5. Determine w(8).
-7
Suppose 0 = -2*c - 51*s + 52*s - 27, -5*s - 15 = 0. Let i(x) = -x. Let h(l) = -12*l + 3. Let a(p) = c*i(p) + h(p). Calculate a(-3).
-6
Let j(p) = -2*p**2 + 6 + 0 - 6. Suppose 82 = -k - 3*m, 0 = -34*k + 36*k - 3*m + 146. Let t = k + 77. What is j(t)?
-2
Let n(g) = g - 5*g + 24 + 0*g + 12*g. Let d(u) = -5*u - 12. Let p(f) = -5*d(f) - 3*n(f). Let a(r) = 2*r**2 - 4*r - 1. Let c be a(3). Calculate p(c).
-7
Let g be (6 + -2)/(6/(-9)). Let b(l) be the first derivative of -l**4/12 - 3*l**3/2 - 9*l**2/2 + 16. Let w(j) be the second derivative of b(j). Give w(g).
3
Suppose -50*s - 2011 = -2411. Let g(m) = -m**3 + 8*m**2 - 3. Give g(s).
-3
Suppose -2*m + 56 = -4*b, -11*m + 14*m + 2*b - 36 = 0. Let i(p) = 12*p - 187. Calculate i(m).
5
Let i(h) = -h**3 - 5*h**2 + 4*h + 9. Let u(o) = -o**3 + 8*o**2 - 7*o + 16. Let f be u(7). Let w be f/(-12)*(-9)/(-2). What is i(w)?
21
Let j(s) = 14*s - 80. Let l(f) = 9*f - 57. Let m(h) = -5*j(h) + 8*l(h). Calculate m(26).
-4
Suppose -6*t = 2*i - 7*t - 840, 2098 = 5*i - 2*t. Suppose -i = 8*z - 434. Let u(p) = 2 - 4*p + p**2 + 4*p**2 - p**2. Give u(z).
10
Let n(h) = h**2 + 28*h + 32. Let m be n(-27). Let o(l) = -l**3 + 12*l + 2. Let i be o(m). Let c = -59 - i. Let w(a) = -a + 7. Calculate w(c).
3
Let d(k) = 39*k - 289. Let c be d(8). Let o(s) be the third derivative of -7/24*s**4 + 0 + 0*s - 1/6*s**3 + c*s**2. Give o(3).
-22
Suppose -84 = -4*y - 24*y. Let s(j) = -4*j + y*j**2 - j + j**3 - j - j + 4*j. Give s(2).
14
Suppose -10 = -b - 5*u, 4*b - 16 = -u + 5. Let j(r) = -5 + 5*r**2 - 248*r**3 + 4*r - 3*r + 200*r**3 + 47*r**3. Calculate j(b).
0
Let r(y) = -y**3 - 12*y**2 + 84*y + 9. Let z be r(5). Let j(l) = -68*l + 281. Give j(z).
9
Let n(s) = -11*s**2 - s - 9. Let t(o) = o**2 + o - 4. Let f(r) = -n(r) + 2*t(r). What is f(-2)?
47
Let z(y) = 2*y + 3. Let q(l) = 6*l**3 - 3*l - 2. Suppose 3*v + 0 + 3 = 0. Let i be q(v). Let b be (i + 8)*10/(-6). What is z(b)?
-7
Let r(w) = -w**3 - 5*w**2 + 5*w + 1. Suppose 5*x + 33 = 4*z, 15*x + 13 = 12*x - z. Give r(x).
-24
Let x(f) = -2*f - 2*f + 6*f + 6. Let j = 153 + -145. Suppose -4*k - 32 = -7*o + j*o, 0 = o. Determine x(k).
-10
Let m be 7/(14/32)*-3. Let z be 6 + -7 + 3 + -1 - m. Let f = 55 - z. Let i(h) = -h**3 + 6*h**2 - 2*h + 2. Calculate i(f).
-10
Let o(y) = y**3 - 6*y**2 + 7*y - 8. Suppose -12*f = -8 - 28. Suppose -5*w + 18 = -w - f*n, -5*w + 40 = 5*n. What is o(w)?
34
Let n